{"id":241,"date":"2026-02-25T05:30:19","date_gmt":"2026-02-25T03:30:19","guid":{"rendered":"https:\/\/audion.fi\/verkkokauppa\/?post_type=product&#038;p=241"},"modified":"2026-02-27T16:40:30","modified_gmt":"2026-02-27T14:40:30","slug":"dunlop-nylon-max-grip-0-73-3kpl","status":"publish","type":"product","link":"https:\/\/audion.fi\/verkkokauppa\/tuote\/dunlop-nylon-max-grip-0-73-3kpl\/","title":{"rendered":"Dunlop Nylon Max Grip 0.73 3kpl"},"content":{"rendered":"<p>*** UUSI ***<\/p>\n<p>Hinta sis\u00e4lt\u00e4\u00e4 3 kpl<\/p>\n<ul class=\"fx-list product-text__list\">\n<li class=\"fx-list__item list-item fx-list__item--circle\"><span class=\"fx-text fx-text--plus list-item__text\">Made of nylon<\/span><\/li>\n<li class=\"fx-list__item list-item fx-list__item--circle\"><span class=\"fx-text fx-text--plus list-item__text\">Thickness: 0.73 mm<\/span><\/li>\n<\/ul>\n","protected":false},"excerpt":{"rendered":"<p>*** UUSI *** Hinta sis\u00e4lt\u00e4\u00e4 3 kpl Made of nylon Thickness: 0.73 mm<\/p>\n","protected":false},"featured_media":242,"template":"","meta":{"_regular_price":["2.5"],"currency_symbol":[]},"product_brand":[58],"product_cat":[48,81,76],"product_tag":[],"class_list":{"0":"post-241","1":"product","2":"type-product","3":"status-publish","4":"has-post-thumbnail","6":"product_brand-dunlop","7":"product_cat-kitaratarvikkeet","8":"product_cat-plektrat","9":"product_cat-uusi-tuote","11":"first","12":"instock","13":"taxable","14":"shipping-taxable","15":"purchasable","16":"product-type-simple"},"post_slider_layout_featured_media_urls":{"thumbnail":["https:\/\/audion.fi\/verkkokauppa\/wp-content\/uploads\/2026\/02\/Nayttokuva-2026-02-25-kello-5.29.14-150x150.png",150,150,true],"post_slider_layout_landscape_large":["https:\/\/audion.fi\/verkkokauppa\/wp-content\/uploads\/2026\/02\/Nayttokuva-2026-02-25-kello-5.29.14.png",747,800,false],"post_slider_layout_portrait_large":["https:\/\/audion.fi\/verkkokauppa\/wp-content\/uploads\/2026\/02\/Nayttokuva-2026-02-25-kello-5.29.14.png",768,822,false],"post_slider_layout_square_large":["https:\/\/audion.fi\/verkkokauppa\/wp-content\/uploads\/2026\/02\/Nayttokuva-2026-02-25-kello-5.29.14.png",768,822,false],"post_slider_layout_landscape":["https:\/\/audion.fi\/verkkokauppa\/wp-content\/uploads\/2026\/02\/Nayttokuva-2026-02-25-kello-5.29.14.png",374,400,false],"post_slider_layout_portrait":["https:\/\/audion.fi\/verkkokauppa\/wp-content\/uploads\/2026\/02\/Nayttokuva-2026-02-25-kello-5.29.14.png",600,642,false],"post_slider_layout_square":["https:\/\/audion.fi\/verkkokauppa\/wp-content\/uploads\/2026\/02\/Nayttokuva-2026-02-25-kello-5.29.14.png",561,600,false],"full":["https:\/\/audion.fi\/verkkokauppa\/wp-content\/uploads\/2026\/02\/Nayttokuva-2026-02-25-kello-5.29.14.png",768,822,false]},"_links":{"self":[{"href":"https:\/\/audion.fi\/verkkokauppa\/wp-json\/wp\/v2\/product\/241","targetHints":{"allow":["GET"]}}],"collection":[{"href":"https:\/\/audion.fi\/verkkokauppa\/wp-json\/wp\/v2\/product"}],"about":[{"href":"https:\/\/audion.fi\/verkkokauppa\/wp-json\/wp\/v2\/types\/product"}],"wp:featuredmedia":[{"embeddable":true,"href":"https:\/\/audion.fi\/verkkokauppa\/wp-json\/wp\/v2\/media\/242"}],"wp:attachment":[{"href":"https:\/\/audion.fi\/verkkokauppa\/wp-json\/wp\/v2\/media?parent=241"}],"wp:term":[{"taxonomy":"product_brand","embeddable":true,"href":"https:\/\/audion.fi\/verkkokauppa\/wp-json\/wp\/v2\/product_brand?post=241"},{"taxonomy":"product_cat","embeddable":true,"href":"https:\/\/audion.fi\/verkkokauppa\/wp-json\/wp\/v2\/product_cat?post=241"},{"taxonomy":"product_tag","embeddable":true,"href":"https:\/\/audion.fi\/verkkokauppa\/wp-json\/wp\/v2\/product_tag?post=241"}],"curies":[{"name":"wp","href":"https:\/\/api.w.org\/{rel}","templated":true}]}}